[INFO] cloning repository https://github.com/viraja1/rhai_functions_fluence
[INFO] running `Command { std: "git" "-c" "credential.helper=" "-c" "credential.helper=/workspace/cargo-home/bin/git-credential-null" "clone" "--bare" "https://github.com/viraja1/rhai_functions_fluence" "/workspace/cache/git-repos/https%3A%2F%2Fgithub.com%2Fviraja1%2Frhai_functions_fluence", kill_on_drop: false }`
[INFO] [stderr] Cloning into bare repository '/workspace/cache/git-repos/https%3A%2F%2Fgithub.com%2Fviraja1%2Frhai_functions_fluence'...
[INFO] running `Command { std: "git" "rev-parse" "HEAD", kill_on_drop: false }`
[INFO] [stdout] e81fb9acd77025892cde2d3aa4f8496c01d63143
[INFO] checking viraja1/rhai_functions_fluence against master#af3c6e733a40e671550e0f0f5aeecaa13772ba56 for pr-74989
[INFO] running `Command { std: "git" "clone" "/workspace/cache/git-repos/https%3A%2F%2Fgithub.com%2Fviraja1%2Frhai_functions_fluence" "/workspace/builds/worker-3/source", kill_on_drop: false }`
[INFO] [stderr] Cloning into '/workspace/builds/worker-3/source'...
[INFO] [stderr] done.
[INFO] validating manifest of git repo https://github.com/viraja1/rhai_functions_fluence on toolchain af3c6e733a40e671550e0f0f5aeecaa13772ba56
[INFO] running `Command { std: "/workspace/cargo-home/bin/cargo" "+af3c6e733a40e671550e0f0f5aeecaa13772ba56" "read-manifest" "--manifest-path" "Cargo.toml", kill_on_drop: false }`
[INFO] started tweaking git repo https://github.com/viraja1/rhai_functions_fluence
[INFO] finished tweaking git repo https://github.com/viraja1/rhai_functions_fluence
[INFO] tweaked toml for git repo https://github.com/viraja1/rhai_functions_fluence written to /workspace/builds/worker-3/source/Cargo.toml
[INFO] crate git repo https://github.com/viraja1/rhai_functions_fluence already has a lockfile, it will not be regenerated
[INFO] running `Command { std: "/workspace/cargo-home/bin/cargo" "+af3c6e733a40e671550e0f0f5aeecaa13772ba56" "fetch" "--locked" "--manifest-path" "Cargo.toml", kill_on_drop: false }`
[INFO] [stderr]     Blocking waiting for file lock on package cache
[INFO] [stderr]  Downloading crates ...
[INFO] [stderr]   Downloaded fluence v0.1.5
[INFO] [stderr]   Downloaded serde v1.0.98
[INFO] [stderr]   Downloaded syn v0.15.27
[INFO] [stderr]   Downloaded fluence-sdk-main v0.1.5
[INFO] [stderr]   Downloaded serde_derive v1.0.98
[INFO] [stderr]   Downloaded fluence-sdk-macro v0.1.5
[INFO] running `Command { std: "docker" "create" "-v" "/var/lib/crater-agent-workspace/builds/worker-3/target:/opt/rustwide/target:rw,Z" "-v" "/var/lib/crater-agent-workspace/builds/worker-3/source:/opt/rustwide/workdir:ro,Z" "-v" "/var/lib/crater-agent-workspace/cargo-home:/opt/rustwide/cargo-home:ro,Z" "-v" "/var/lib/crater-agent-workspace/rustup-home:/opt/rustwide/rustup-home:ro,Z" "-e" "SOURCE_DIR=/opt/rustwide/workdir" "-e" "CARGO_TARGET_DIR=/opt/rustwide/target" "-e" "CARGO_HOME=/opt/rustwide/cargo-home" "-e" "RUSTUP_HOME=/opt/rustwide/rustup-home" "-w" "/opt/rustwide/workdir" "-m" "1610612736" "--user" "0:0" "--network" "none" "rustops/crates-build-env@sha256:d92eaeed33fa75130ca1ee6c8a01d1ffb62bac859dfdfb3450e3e5d1c0146529" "/opt/rustwide/cargo-home/bin/cargo" "+af3c6e733a40e671550e0f0f5aeecaa13772ba56" "metadata" "--no-deps" "--format-version=1", kill_on_drop: false }`
[INFO] [stdout] 7765b9963026ceb79b667cf608bef0e448d0661d9b5d25ed01e724203bddb628
[INFO] [stderr] WARNING: Your kernel does not support swap limit capabilities or the cgroup is not mounted. Memory limited without swap.
[INFO] running `Command { std: "docker" "start" "-a" "7765b9963026ceb79b667cf608bef0e448d0661d9b5d25ed01e724203bddb628", kill_on_drop: false }`
[INFO] running `Command { std: "docker" "inspect" "7765b9963026ceb79b667cf608bef0e448d0661d9b5d25ed01e724203bddb628", kill_on_drop: false }`
[INFO] running `Command { std: "docker" "rm" "-f" "7765b9963026ceb79b667cf608bef0e448d0661d9b5d25ed01e724203bddb628", kill_on_drop: false }`
[INFO] [stdout] 7765b9963026ceb79b667cf608bef0e448d0661d9b5d25ed01e724203bddb628
[INFO] running `Command { std: "docker" "create" "-v" "/var/lib/crater-agent-workspace/builds/worker-3/target:/opt/rustwide/target:rw,Z" "-v" "/var/lib/crater-agent-workspace/builds/worker-3/source:/opt/rustwide/workdir:ro,Z" "-v" "/var/lib/crater-agent-workspace/cargo-home:/opt/rustwide/cargo-home:ro,Z" "-v" "/var/lib/crater-agent-workspace/rustup-home:/opt/rustwide/rustup-home:ro,Z" "-e" "SOURCE_DIR=/opt/rustwide/workdir" "-e" "CARGO_TARGET_DIR=/opt/rustwide/target" "-e" "CARGO_INCREMENTAL=0" "-e" "RUST_BACKTRACE=full" "-e" "RUSTFLAGS=--cap-lints=forbid" "-e" "CARGO_HOME=/opt/rustwide/cargo-home" "-e" "RUSTUP_HOME=/opt/rustwide/rustup-home" "-w" "/opt/rustwide/workdir" "-m" "1610612736" "--user" "0:0" "--network" "none" "rustops/crates-build-env@sha256:d92eaeed33fa75130ca1ee6c8a01d1ffb62bac859dfdfb3450e3e5d1c0146529" "/opt/rustwide/cargo-home/bin/cargo" "+af3c6e733a40e671550e0f0f5aeecaa13772ba56" "check" "--frozen" "--all" "--all-targets" "--message-format=json", kill_on_drop: false }`
[INFO] [stderr] WARNING: Your kernel does not support swap limit capabilities or the cgroup is not mounted. Memory limited without swap.
[INFO] [stdout] 8aee0b25ee91b6d8a2897c535d01d1486eebe993789b987c0eb23239670c0bc6
[INFO] running `Command { std: "docker" "start" "-a" "8aee0b25ee91b6d8a2897c535d01d1486eebe993789b987c0eb23239670c0bc6", kill_on_drop: false }`
[INFO] [stderr]    Compiling unicode-xid v0.1.0
[INFO] [stderr]    Compiling log v0.4.8
[INFO] [stderr]    Compiling serde v1.0.98
[INFO] [stderr]     Checking rhai v0.9.1 (https://github.com/jonathandturner/rhai#daadb4c9)
[INFO] [stderr]    Compiling proc-macro2 v0.4.27
[INFO] [stderr]     Checking quote v0.6.13
[INFO] [stderr]     Checking syn v0.15.27
[INFO] [stderr]     Checking fluence-sdk-main v0.1.5
[INFO] [stdout] error[E0432]: unresolved import `std::alloc::Alloc`
[INFO] [stdout]   --> /opt/rustwide/cargo-home/registry/src/github.com-1ecc6299db9ec823/fluence-sdk-main-0.1.5/src/memory/mod.rs:24:18
[INFO] [stdout]    |
[INFO] [stdout] 24 | use std::alloc::{Alloc, Global, Layout};
[INFO] [stdout]    |                  ^^^^^
[INFO] [stdout]    |                  |
[INFO] [stdout]    |                  no `Alloc` in `alloc`
[INFO] [stdout]    |                  help: a similar name exists in the module: `alloc`
[INFO] [stdout] 
[INFO] [stdout] 
[INFO] [stdout] error[E0599]: no method named `alloc` found for struct `std::alloc::Global` in the current scope
[INFO] [stdout]   --> /opt/rustwide/cargo-home/registry/src/github.com-1ecc6299db9ec823/fluence-sdk-main-0.1.5/src/memory/mod.rs:46:12
[INFO] [stdout]    |
[INFO] [stdout] 46 |     Global.alloc(layout).map_err(Into::into)
[INFO] [stdout]    |            ^^^^^ method not found in `std::alloc::Global`
[INFO] [stdout]    |
[INFO] [stdout]    = help: items from traits can only be used if the trait is in scope
[INFO] [stdout]    = note: the following trait is implemented but not in scope; perhaps add a `use` for it:
[INFO] [stdout]            `use std::alloc::AllocRef;`
[INFO] [stdout] 
[INFO] [stdout] 
[INFO] [stdout] error[E0599]: no method named `dealloc` found for struct `std::alloc::Global` in the current scope
[INFO] [stdout]   --> /opt/rustwide/cargo-home/registry/src/github.com-1ecc6299db9ec823/fluence-sdk-main-0.1.5/src/memory/mod.rs:60:12
[INFO] [stdout]    |
[INFO] [stdout] 60 |     Global.dealloc(ptr, layout);
[INFO] [stdout]    |            ^^^^^^^ method not found in `std::alloc::Global`
[INFO] [stdout]    |
[INFO] [stdout]    = help: items from traits can only be used if the trait is in scope
[INFO] [stdout]    = note: the following trait is implemented but not in scope; perhaps add a `use` for it:
[INFO] [stdout]            `use std::alloc::AllocRef;`
[INFO] [stdout] 
[INFO] [stdout] 
[INFO] [stdout] error: aborting due to 3 previous errors
[INFO] [stdout] 
[INFO] [stdout] 
[INFO] [stdout] Some errors have detailed explanations: E0432, E0599.
[INFO] [stdout] 
[INFO] [stdout] For more information about an error, try `rustc --explain E0432`.
[INFO] [stdout] 
[INFO] [stderr] error: could not compile `fluence-sdk-main`.
[INFO] [stderr] 
[INFO] [stderr] To learn more, run the command again with --verbose.
[INFO] [stderr] warning: build failed, waiting for other jobs to finish...
[INFO] [stderr] error: build failed
[INFO] running `Command { std: "docker" "inspect" "8aee0b25ee91b6d8a2897c535d01d1486eebe993789b987c0eb23239670c0bc6", kill_on_drop: false }`
[INFO] running `Command { std: "docker" "rm" "-f" "8aee0b25ee91b6d8a2897c535d01d1486eebe993789b987c0eb23239670c0bc6", kill_on_drop: false }`
[INFO] [stdout] 8aee0b25ee91b6d8a2897c535d01d1486eebe993789b987c0eb23239670c0bc6
